{"id":13303,"date":"2023-07-10T20:14:49","date_gmt":"2023-07-10T20:14:49","guid":{"rendered":"http:\/\/www.idaipqroo.org.mx\/estado-abierto\/?page_id=13303"},"modified":"2023-07-11T22:29:11","modified_gmt":"2023-07-11T22:29:11","slug":"semanas-universitarias","status":"publish","type":"page","link":"http:\/\/www.idaipqroo.org.mx\/estado-abierto\/transparencia-proactiva\/semanas-universitarias\/","title":{"rendered":"Semanas Universitarias"},"content":{"rendered":"\t\t<div data-elementor-type=\"wp-page\" data-elementor-id=\"13303\" class=\"elementor elementor-13303\">\n\t\t\t\t\t\t<div class=\"elementor-inner\">\n\t\t\t\t<div class=\"elementor-section-wrap\">\n\t\t\t\t\t\t\t\t\t<section class=\"elementor-section elementor-top-section elementor-element elementor-element-eb23099 elementor-section-boxed elementor-section-height-default elementor-section-height-default\" data-id=\"eb23099\" data-element_type=\"section\">\n\t\t\t\t\t\t<div class=\"elementor-container elementor-column-gap-default\">\n\t\t\t\t\t\t\t<div class=\"elementor-row\">\n\t\t\t\t\t<div class=\"elementor-column elementor-col-100 elementor-top-column elementor-element elementor-element-be830d0\" data-id=\"be830d0\" data-element_type=\"column\">\n\t\t\t<div class=\"elementor-column-wrap elementor-element-populated\">\n\t\t\t\t\t\t\t<div class=\"elementor-widget-wrap\">\n\t\t\t\t\t\t<div class=\"elementor-element elementor-element-3328144 elementor-widget elementor-widget-spacer\" data-id=\"3328144\" data-element_type=\"widget\" data-settings=\"{&quot;ekit_we_effect_on&quot;:&quot;none&quot;}\" data-widget_type=\"spacer.default\">\n\t\t\t\t<div class=\"elementor-widget-container\">\n\t\t\t\t\t<div class=\"elementor-spacer\">\n\t\t\t<div class=\"elementor-spacer-inner\"><\/div>\n\t\t<\/div>\n\t\t\t\t<\/div>\n\t\t\t\t<\/div>\n\t\t\t\t\t\t<\/div>\n\t\t\t\t\t<\/div>\n\t\t<\/div>\n\t\t\t\t\t\t\t\t<\/div>\n\t\t\t\t\t<\/div>\n\t\t<\/section>\n\t\t\t\t<section class=\"elementor-section elementor-top-section elementor-element elementor-element-790a868 elementor-section-boxed elementor-section-height-default elementor-section-height-default\" data-id=\"790a868\" data-element_type=\"section\">\n\t\t\t\t\t\t<div class=\"elementor-container elementor-column-gap-default\">\n\t\t\t\t\t\t\t<div class=\"elementor-row\">\n\t\t\t\t\t<div class=\"elementor-column elementor-col-100 elementor-top-column elementor-element elementor-element-78add30\" data-id=\"78add30\" data-element_type=\"column\">\n\t\t\t<div class=\"elementor-column-wrap elementor-element-populated\">\n\t\t\t\t\t\t\t<div class=\"elementor-widget-wrap\">\n\t\t\t\t\t\t<div class=\"elementor-element elementor-element-67055db elementor-widget elementor-widget-heading\" data-id=\"67055db\" data-element_type=\"widget\" data-settings=\"{&quot;ekit_we_effect_on&quot;:&quot;none&quot;}\" data-widget_type=\"heading.default\">\n\t\t\t\t<div class=\"elementor-widget-container\">\n\t\t\t<h2 class=\"elementor-heading-title elementor-size-default\">Semanas Universitarias por la Transparencia<\/h2>\t\t<\/div>\n\t\t\t\t<\/div>\n\t\t\t\t\t\t<\/div>\n\t\t\t\t\t<\/div>\n\t\t<\/div>\n\t\t\t\t\t\t\t\t<\/div>\n\t\t\t\t\t<\/div>\n\t\t<\/section>\n\t\t\t\t<section class=\"elementor-section elementor-top-section elementor-element elementor-element-0ec8781 elementor-section-boxed elementor-section-height-default elementor-section-height-default\" data-id=\"0ec8781\" data-element_type=\"section\">\n\t\t\t\t\t\t<div class=\"elementor-container elementor-column-gap-default\">\n\t\t\t\t\t\t\t<div class=\"elementor-row\">\n\t\t\t\t\t<div class=\"elementor-column elementor-col-50 elementor-top-column elementor-element elementor-element-2f789c2\" data-id=\"2f789c2\" data-element_type=\"column\">\n\t\t\t<div class=\"elementor-column-wrap elementor-element-populated\">\n\t\t\t\t\t\t\t<div class=\"elementor-widget-wrap\">\n\t\t\t\t\t\t<div class=\"elementor-element elementor-element-b9bae61 elementor-widget elementor-widget-spacer\" data-id=\"b9bae61\" data-element_type=\"widget\" data-settings=\"{&quot;ekit_we_effect_on&quot;:&quot;none&quot;}\" data-widget_type=\"spacer.default\">\n\t\t\t\t<div class=\"elementor-widget-container\">\n\t\t\t\t\t<div class=\"elementor-spacer\">\n\t\t\t<div class=\"elementor-spacer-inner\"><\/div>\n\t\t<\/div>\n\t\t\t\t<\/div>\n\t\t\t\t<\/div>\n\t\t\t\t<div class=\"elementor-element elementor-element-070431f elementor-widget elementor-widget-text-editor\" data-id=\"070431f\" data-element_type=\"widget\" data-settings=\"{&quot;ekit_we_effect_on&quot;:&quot;none&quot;}\" data-widget_type=\"text-editor.default\">\n\t\t\t\t<div class=\"elementor-widget-container\">\n\t\t\t\t\t\t\t\t<div class=\"elementor-text-editor elementor-clearfix\">\n\t\t\t\t<p style=\"text-align: justify;\"><span style=\"color: #000000;\">Como principal actividad para la reactivaci\u00f3n del Proyecto Sociedad Abierta, se celebraron las primeras Semanas Universitarias por la Transparencia, las cuales se llevaron<strong>\u00a0a cabo durante el segundo semestre de 2022<\/strong>\u00a0en colaboraci\u00f3n con la UNAM, el INFOCDMX, los organismos garantes de transparencia de las entidades federativas y las universidades que decidan sumarse a esta iniciativa.<\/span><\/p>\t\t\t\t\t<\/div>\n\t\t\t\t\t\t<\/div>\n\t\t\t\t<\/div>\n\t\t\t\t\t\t<\/div>\n\t\t\t\t\t<\/div>\n\t\t<\/div>\n\t\t\t\t<div class=\"elementor-column elementor-col-50 elementor-top-column elementor-element elementor-element-e3c9d80\" data-id=\"e3c9d80\" data-element_type=\"column\">\n\t\t\t<div class=\"elementor-column-wrap elementor-element-populated\">\n\t\t\t\t\t\t\t<div class=\"elementor-widget-wrap\">\n\t\t\t\t\t\t<div class=\"elementor-element elementor-element-89e4ac9 elementor-widget elementor-widget-spacer\" data-id=\"89e4ac9\" data-element_type=\"widget\" data-settings=\"{&quot;ekit_we_effect_on&quot;:&quot;none&quot;}\" data-widget_type=\"spacer.default\">\n\t\t\t\t<div class=\"elementor-widget-container\">\n\t\t\t\t\t<div class=\"elementor-spacer\">\n\t\t\t<div class=\"elementor-spacer-inner\"><\/div>\n\t\t<\/div>\n\t\t\t\t<\/div>\n\t\t\t\t<\/div>\n\t\t\t\t<div class=\"elementor-element elementor-element-5413462 elementor-widget elementor-widget-image\" data-id=\"5413462\" data-element_type=\"widget\" data-settings=\"{&quot;ekit_we_effect_on&quot;:&quot;none&quot;}\" data-widget_type=\"image.default\">\n\t\t\t\t<div class=\"elementor-widget-container\">\n\t\t\t\t\t\t\t\t<div class=\"elementor-image\">\n\t\t\t\t\t\t\t\t\t\t\t\t<img src=\"http:\/\/www.idaipqroo.org.mx\/estado-abierto\/wp-content\/uploads\/elementor\/thumbs\/semanas-universitarias-transparencia-2023-q982kq9g2mbvc31admxeivax34vscncx4r1ul4dd2m.jpg\" title=\"\" alt=\"\" loading=\"lazy\" \/>\t\t\t\t\t\t\t\t\t\t\t\t\t\t<\/div>\n\t\t\t\t\t\t<\/div>\n\t\t\t\t<\/div>\n\t\t\t\t\t\t<\/div>\n\t\t\t\t\t<\/div>\n\t\t<\/div>\n\t\t\t\t\t\t\t\t<\/div>\n\t\t\t\t\t<\/div>\n\t\t<\/section>\n\t\t\t\t<section class=\"elementor-section elementor-top-section elementor-element elementor-element-7ad021e elementor-section-boxed elementor-section-height-default elementor-section-height-default\" data-id=\"7ad021e\" data-element_type=\"section\">\n\t\t\t\t\t\t<div class=\"elementor-container elementor-column-gap-default\">\n\t\t\t\t\t\t\t<div class=\"elementor-row\">\n\t\t\t\t\t<div class=\"elementor-column elementor-col-100 elementor-top-column elementor-element elementor-element-138ee61\" data-id=\"138ee61\" data-element_type=\"column\">\n\t\t\t<div class=\"elementor-column-wrap elementor-element-populated\">\n\t\t\t\t\t\t\t<div class=\"elementor-widget-wrap\">\n\t\t\t\t\t\t<div class=\"elementor-element elementor-element-a027c49 elementor-widget elementor-widget-image-gallery\" data-id=\"a027c49\" data-element_type=\"widget\" data-settings=\"{&quot;ekit_we_effect_on&quot;:&quot;none&quot;}\" data-widget_type=\"image-gallery.default\">\n\t\t\t\t<div class=\"elementor-widget-container\">\n\t\t\t\t\t<div class=\"elementor-image-gallery\">\n\t\t\t<div id='gallery-1' class='gallery galleryid-13303 gallery-columns-3 gallery-size-full'><figure class='gallery-item'>\n\t\t\t<div class='gallery-icon landscape'>\n\t\t\t\t<a data-elementor-open-lightbox=\"yes\" data-elementor-lightbox-slideshow=\"a027c49\" data-elementor-lightbox-title=\"Semanas Universitarias Transparencia_3\" data-e-action-hash=\"#elementor-action%3Aaction%3Dlightbox%26settings%3DeyJpZCI6MTMzNDcsInVybCI6Imh0dHA6XC9cL3d3dy5pZGFpcHFyb28ub3JnLm14XC9lc3RhZG8tYWJpZXJ0b1wvd3AtY29udGVudFwvdXBsb2Fkc1wvMjAyM1wvMDdcL1NlbWFuYXMtVW5pdmVyc2l0YXJpYXMtVHJhbnNwYXJlbmNpYV8zLmpwZWciLCJzbGlkZXNob3ciOiJhMDI3YzQ5In0%3D\" href='http:\/\/www.idaipqroo.org.mx\/estado-abierto\/wp-content\/uploads\/2023\/07\/Semanas-Universitarias-Transparencia_3.jpeg'><img width=\"1170\" height=\"763\" src=\"http:\/\/www.idaipqroo.org.mx\/estado-abierto\/wp-content\/uploads\/2023\/07\/Semanas-Universitarias-Transparencia_3.jpeg\" class=\"attachment-full size-full\" alt=\"\" loading=\"lazy\" srcset=\"http:\/\/www.idaipqroo.org.mx\/estado-abierto\/wp-content\/uploads\/2023\/07\/Semanas-Universitarias-Transparencia_3.jpeg 1170w, http:\/\/www.idaipqroo.org.mx\/estado-abierto\/wp-content\/uploads\/2023\/07\/Semanas-Universitarias-Transparencia_3-768x501.jpeg 768w\" sizes=\"(max-width: 1170px) 100vw, 1170px\" \/><\/a>\n\t\t\t<\/div><\/figure><figure class='gallery-item'>\n\t\t\t<div class='gallery-icon landscape'>\n\t\t\t\t<a data-elementor-open-lightbox=\"yes\" data-elementor-lightbox-slideshow=\"a027c49\" data-elementor-lightbox-title=\"Semanas Universitarias Transparencia_1\" data-e-action-hash=\"#elementor-action%3Aaction%3Dlightbox%26settings%3DeyJpZCI6MTMzNDgsInVybCI6Imh0dHA6XC9cL3d3dy5pZGFpcHFyb28ub3JnLm14XC9lc3RhZG8tYWJpZXJ0b1wvd3AtY29udGVudFwvdXBsb2Fkc1wvMjAyM1wvMDdcL1NlbWFuYXMtVW5pdmVyc2l0YXJpYXMtVHJhbnNwYXJlbmNpYV8xLmpwZWciLCJzbGlkZXNob3ciOiJhMDI3YzQ5In0%3D\" href='http:\/\/www.idaipqroo.org.mx\/estado-abierto\/wp-content\/uploads\/2023\/07\/Semanas-Universitarias-Transparencia_1.jpeg'><img width=\"1170\" height=\"877\" src=\"http:\/\/www.idaipqroo.org.mx\/estado-abierto\/wp-content\/uploads\/2023\/07\/Semanas-Universitarias-Transparencia_1.jpeg\" class=\"attachment-full size-full\" alt=\"\" loading=\"lazy\" srcset=\"http:\/\/www.idaipqroo.org.mx\/estado-abierto\/wp-content\/uploads\/2023\/07\/Semanas-Universitarias-Transparencia_1.jpeg 1170w, http:\/\/www.idaipqroo.org.mx\/estado-abierto\/wp-content\/uploads\/2023\/07\/Semanas-Universitarias-Transparencia_1-768x576.jpeg 768w\" sizes=\"(max-width: 1170px) 100vw, 1170px\" \/><\/a>\n\t\t\t<\/div><\/figure><figure class='gallery-item'>\n\t\t\t<div class='gallery-icon landscape'>\n\t\t\t\t<a data-elementor-open-lightbox=\"yes\" data-elementor-lightbox-slideshow=\"a027c49\" data-elementor-lightbox-title=\"Semanas Universitarias Transparencia_2\" data-e-action-hash=\"#elementor-action%3Aaction%3Dlightbox%26settings%3DeyJpZCI6MTMzNDksInVybCI6Imh0dHA6XC9cL3d3dy5pZGFpcHFyb28ub3JnLm14XC9lc3RhZG8tYWJpZXJ0b1wvd3AtY29udGVudFwvdXBsb2Fkc1wvMjAyM1wvMDdcL1NlbWFuYXMtVW5pdmVyc2l0YXJpYXMtVHJhbnNwYXJlbmNpYV8yLmpwZWciLCJzbGlkZXNob3ciOiJhMDI3YzQ5In0%3D\" href='http:\/\/www.idaipqroo.org.mx\/estado-abierto\/wp-content\/uploads\/2023\/07\/Semanas-Universitarias-Transparencia_2.jpeg'><img width=\"1170\" height=\"776\" src=\"http:\/\/www.idaipqroo.org.mx\/estado-abierto\/wp-content\/uploads\/2023\/07\/Semanas-Universitarias-Transparencia_2.jpeg\" class=\"attachment-full size-full\" alt=\"\" loading=\"lazy\" srcset=\"http:\/\/www.idaipqroo.org.mx\/estado-abierto\/wp-content\/uploads\/2023\/07\/Semanas-Universitarias-Transparencia_2.jpeg 1170w, http:\/\/www.idaipqroo.org.mx\/estado-abierto\/wp-content\/uploads\/2023\/07\/Semanas-Universitarias-Transparencia_2-768x509.jpeg 768w\" sizes=\"(max-width: 1170px) 100vw, 1170px\" \/><\/a>\n\t\t\t<\/div><\/figure>\n\t\t<\/div>\n\t\t<\/div>\n\t\t\t\t<\/div>\n\t\t\t\t<\/div>\n\t\t\t\t<div class=\"elementor-element elementor-element-953f2d4 elementor-widget elementor-widget-text-editor\" data-id=\"953f2d4\" data-element_type=\"widget\" data-settings=\"{&quot;ekit_we_effect_on&quot;:&quot;none&quot;}\" data-widget_type=\"text-editor.default\">\n\t\t\t\t<div class=\"elementor-widget-container\">\n\t\t\t\t\t\t\t\t<div class=\"elementor-text-editor elementor-clearfix\">\n\t\t\t\t<p><span style=\"color: #000000;\"><strong>Objetivo: <\/strong><\/span><\/p>\n<p style=\"text-align: justify;\"><span style=\"color: #000000;\">El objetivo de las Semanas Universitarias por la Transparencia es constituir un espacio que, al dar voz a esta comunidad, pueda resultar ic\u00f3nico para el di\u00e1logo, la reflexi\u00f3n, el debate y la propuesta entre los convocantes y los integrantes de la comunidad acad\u00e9mica y estudiantil de los diversos centros e instituciones universitarias de todo el pa\u00eds en torno a las agendas que tutelan los organismos garantes de transparencia de cada entidad federativa.<\/span><\/p>\n<p><span style=\"color: #000000;\">Los buenos resultados de las Semanas Universitarias fueron tales que, desde el&nbsp;<strong>INAI<\/strong>&nbsp;y el&nbsp;<strong>INFOCDMX<\/strong>&nbsp;se decidi\u00f3 lanzar una Convocatoria nacional para la realizaci\u00f3n de actividades durante 2023. Al cierre de dicha Convocatoria se sumaron&nbsp;<strong>m\u00e1s de 50 Universidades e Instituciones de Educaci\u00f3n Superior de todo el pa\u00eds.<\/strong><\/span><\/p>\n<p><span style=\"color: #000000;\"><strong>Actividad:<\/strong><\/span><\/p>\n<p><span style=\"color: #000000;\">El Instituto de Acceso a la Informaci\u00f3n y Protecci\u00f3n de datos Personales de Quintana Roo (IDAIPQROO) se sum\u00f3 a las Semanas por la Transparencia teniendo como sede la Universidad del Caribe quien fungi\u00f3 como representante por parte del Estado de Quintana Roo.<\/span><\/p>\n<p><span style=\"color: #000000;\"><strong>Fecha del evento: <\/strong>Viernes 21 de abril de 2023<\/span><\/p>\n<p><span style=\"color: #000000;\"><strong>Lugar: <\/strong>&nbsp;Auditorio de la Universidad del Caribe, Canc\u00fan Quintana Roo<\/span><\/p>\n<p><span style=\"color: #000000;\"><strong>Tema<\/strong>: Privacidad, Protecci\u00f3n de Datos Personales y Redes Sociales en la vida universitaria.<\/span><\/p>\n<p><span style=\"color: #000000;\">Se tuvo contemplado una <strong>Mesa de debate estudiantil<\/strong> en la que participaron 4 estudiantes de las diferentes carreras como la de Innovaci\u00f3n Empresarial y de Licenciatura en Negocios Internacionales.<\/span><\/p>\n<p><span style=\"color: #000000;\"><strong>Conversatorio<\/strong><\/span><\/p>\n<p><span style=\"color: #000000;\"><strong>Fecha del evento: <\/strong>Viernes 21 de abril de 2023<\/span><\/p>\n<p><span style=\"color: #000000;\"><strong>Lugar: <\/strong>&nbsp;Auditorio de la Universidad del Caribe, Canc\u00fan Quintana Roo<\/span><\/p>\n<p><span style=\"color: #000000;\"><strong>Temas:<\/strong> Privacidad, Protecci\u00f3n de Datos Personales y Redes Sociales en la Vida Universitaria y Acceso a la Informaci\u00f3n como herramienta para la investigaci\u00f3n acad\u00e9mica y estudiantil.<\/span><\/p>\n<p><span style=\"color: #000000;\">Se cont\u00f3 con la participaci\u00f3n de la representante estudiantil por parte de la universidad, acad\u00e9micos de la misma Universidad e invitados de diferentes \u00f3rganos garantes.<\/span><\/p>\t\t\t\t\t<\/div>\n\t\t\t\t\t\t<\/div>\n\t\t\t\t<\/div>\n\t\t\t\t\t\t<\/div>\n\t\t\t\t\t<\/div>\n\t\t<\/div>\n\t\t\t\t\t\t\t\t<\/div>\n\t\t\t\t\t<\/div>\n\t\t<\/section>\n\t\t\t\t<section class=\"elementor-section elementor-top-section elementor-element elementor-element-0210aa0 elementor-section-boxed elementor-section-height-default elementor-section-height-default\" data-id=\"0210aa0\" data-element_type=\"section\">\n\t\t\t\t\t\t<div class=\"elementor-container elementor-column-gap-default\">\n\t\t\t\t\t\t\t<div class=\"elementor-row\">\n\t\t\t\t\t<div class=\"elementor-column elementor-col-100 elementor-top-column elementor-element elementor-element-2e7452b\" data-id=\"2e7452b\" data-element_type=\"column\">\n\t\t\t<div class=\"elementor-column-wrap elementor-element-populated\">\n\t\t\t\t\t\t\t<div class=\"elementor-widget-wrap\">\n\t\t\t\t\t\t<div class=\"elementor-element elementor-element-60a2cb3 elementor-widget elementor-widget-heading\" data-id=\"60a2cb3\" data-element_type=\"widget\" data-settings=\"{&quot;ekit_we_effect_on&quot;:&quot;none&quot;}\" data-widget_type=\"heading.default\">\n\t\t\t\t<div class=\"elementor-widget-container\">\n\t\t\t<h2 class=\"elementor-heading-title elementor-size-default\">Hallazgos obtenidos: <\/h2>\t\t<\/div>\n\t\t\t\t<\/div>\n\t\t\t\t\t\t<\/div>\n\t\t\t\t\t<\/div>\n\t\t<\/div>\n\t\t\t\t\t\t\t\t<\/div>\n\t\t\t\t\t<\/div>\n\t\t<\/section>\n\t\t\t\t<section class=\"elementor-section elementor-top-section elementor-element elementor-element-e755dcd elementor-section-boxed elementor-section-height-default elementor-section-height-default\" data-id=\"e755dcd\" data-element_type=\"section\">\n\t\t\t\t\t\t<div class=\"elementor-container elementor-column-gap-default\">\n\t\t\t\t\t\t\t<div class=\"elementor-row\">\n\t\t\t\t\t<div class=\"elementor-column elementor-col-100 elementor-top-column elementor-element elementor-element-a7cd527\" data-id=\"a7cd527\" data-element_type=\"column\">\n\t\t\t<div class=\"elementor-column-wrap elementor-element-populated\">\n\t\t\t\t\t\t\t<div class=\"elementor-widget-wrap\">\n\t\t\t\t\t\t<div class=\"elementor-element elementor-element-3761430 elementor-widget elementor-widget-image\" data-id=\"3761430\" data-element_type=\"widget\" data-settings=\"{&quot;ekit_we_effect_on&quot;:&quot;none&quot;}\" data-widget_type=\"image.default\">\n\t\t\t\t<div class=\"elementor-widget-container\">\n\t\t\t\t\t\t\t\t<div class=\"elementor-image\">\n\t\t\t\t\t\t\t\t\t\t\t\t<img width=\"473\" height=\"1024\" src=\"http:\/\/www.idaipqroo.org.mx\/estado-abierto\/wp-content\/uploads\/2023\/07\/hallazgos-semanas-universitarias.png\" class=\"attachment-large size-large wp-image-13345\" alt=\"\" loading=\"lazy\" \/>\t\t\t\t\t\t\t\t\t\t\t\t\t\t<\/div>\n\t\t\t\t\t\t<\/div>\n\t\t\t\t<\/div>\n\t\t\t\t\t\t<\/div>\n\t\t\t\t\t<\/div>\n\t\t<\/div>\n\t\t\t\t\t\t\t\t<\/div>\n\t\t\t\t\t<\/div>\n\t\t<\/section>\n\t\t\t\t\t\t\t\t\t<\/div>\n\t\t\t<\/div>\n\t\t\t\t\t<\/div>\n\t\t","protected":false},"excerpt":{"rendered":"<p>Semanas Universitarias por la Transparencia Como principal actividad para la reactivaci\u00f3n del Proyecto Sociedad Abierta, se celebraron las primeras Semanas &hellip;<\/p>\n<p class=\"read-more\"> <a class=\"\" href=\"http:\/\/www.idaipqroo.org.mx\/estado-abierto\/transparencia-proactiva\/semanas-universitarias\/\"> <span class=\"screen-reader-text\">Semanas Universitarias<\/span> Read More &raquo;<\/a><\/p>\n","protected":false},"author":1,"featured_media":0,"parent":12223,"menu_order":0,"comment_status":"closed","ping_status":"closed","template":"elementor_header_footer","meta":{"site-sidebar-layout":"no-sidebar","site-content-layout":"page-builder","ast-global-header-display":"","ast-main-header-display":"","ast-hfb-above-header-display":"","ast-hfb-below-header-display":"","ast-hfb-mobile-header-display":"","site-post-title":"disabled","ast-breadcrumbs-content":"","ast-featured-img":"disabled","footer-sml-layout":"","theme-transparent-header-meta":"","adv-header-id-meta":"","stick-header-meta":"","header-above-stick-meta":"","header-main-stick-meta":"","header-below-stick-meta":""},"_links":{"self":[{"href":"http:\/\/www.idaipqroo.org.mx\/estado-abierto\/wp-json\/wp\/v2\/pages\/13303"}],"collection":[{"href":"http:\/\/www.idaipqroo.org.mx\/estado-abierto\/wp-json\/wp\/v2\/pages"}],"about":[{"href":"http:\/\/www.idaipqroo.org.mx\/estado-abierto\/wp-json\/wp\/v2\/types\/page"}],"author":[{"embeddable":true,"href":"http:\/\/www.idaipqroo.org.mx\/estado-abierto\/wp-json\/wp\/v2\/users\/1"}],"replies":[{"embeddable":true,"href":"http:\/\/www.idaipqroo.org.mx\/estado-abierto\/wp-json\/wp\/v2\/comments?post=13303"}],"version-history":[{"count":52,"href":"http:\/\/www.idaipqroo.org.mx\/estado-abierto\/wp-json\/wp\/v2\/pages\/13303\/revisions"}],"predecessor-version":[{"id":13364,"href":"http:\/\/www.idaipqroo.org.mx\/estado-abierto\/wp-json\/wp\/v2\/pages\/13303\/revisions\/13364"}],"up":[{"embeddable":true,"href":"http:\/\/www.idaipqroo.org.mx\/estado-abierto\/wp-json\/wp\/v2\/pages\/12223"}],"wp:attachment":[{"href":"http:\/\/www.idaipqroo.org.mx\/estado-abierto\/wp-json\/wp\/v2\/media?parent=13303"}],"curies":[{"name":"wp","href":"https:\/\/api.w.org\/{rel}","templated":true}]}}